 - 7, -4*i = -2*a - 42. What is the remainder when i is divided by 4?
3
Suppose 0 = -4*f + 20 + 152. Let r = f - 42. Calculate the remainder when r*64 + -1 + 3 is divided by 34.
32
What is the remainder when (608/(-10))/(4 - (-528)/(-120)) is divided by 46?
14
What is the remainder when 187 is divided by 12 + 184/4 - -3*1/(-3)?
16
Let b(w) = -w**2 - 11*w + 10. Let q(o) = -2*o + 9. Let j be q(9). Let x = j - -87. What is the remainder when x is divided by b(-11)?
8
Let f = 541 + -1278. Let n = 876 + f. Calculate the remainder when n is divided by 37.
28
Let k = 13040 + -12728. Calculate the remainder when k is divided by 48.
24
Let a = -11780 + 11906. Calculate the remainder when 1050 is divided by a.
42
Suppose 2*o - 191 = 160*g - 157*g, -g + 503 = 5*o. Calculate the remainder when 518 is divided by o.
18
Let p(m) = 2*m**3 + 20*m**2 - 2*m + 16. What is the remainder when 1187 is divided by p(-10)?
35
Let g = -28 - -40. Suppose 103 - 31 = g*k. What is the remainder when 5 is divided by (k/4)/((-33)/(-44))?
1
Suppose 16707 - 49294 = -28*h + 8573. Calculate the remainder when h is divided by 46.
44
Let i(y) = -33*y**2 - 11*y - 13. Let f be i(-5). Let n = f - -794. Suppose 3*w - 111 = 18. What is the remainder when w is divided by n?
10
Let x = 389 - 369. Suppose -x*q = -940 - 1160. What is the remainder when 306 is divided by q?
96
Let n = 68 - 74. Let v be (2 - n - 0) + 0. Suppose 10*j - 54 = v*j. Calculate the remainder when 53 is divided by j.
26
Let g = -39 + 95. Let x be (6/5)/(g/700). Let l(m) = -m**3 + 14*m**2 + 16*m - 2. Calculate the remainder when 48 is divided by l(x).
9
Let j be (5 + -5)/(-2 - -1). Suppose -v = -j*v - 13. Let y(m) = -11*m - 281. What is the remainder when y(-29) is divided by v?
12
Let o = -6869 - -6894. What is the remainder when 1946 is divided by o?
21
Suppose -y + 28 = 21. Let t = 23 + y. What is the remainder when t is divided by 13?
4
Let p(q) = q**3 + 8*q**2 - 13*q - 31. Let r be p(-9). Suppose r*a - 12 = -3*o, 2*o = a - 0*a - 5. Calculate the remainder when 11 is divided by a.
2
Suppose -z - 69 = -0*z - 3*x, 3*z = -4*x - 142. Suppose -2*o = 5*d - 84 - 36, -5*o + 370 = -5*d. Let g = o + z. Calculate the remainder when 24 is divided by g.
8
Let v(u) = -2*u + 7 + 6 + u + u**2 - 6. Let p(n) = n**3 - 29*n**2 - 282*n - 130. Calculate the remainder when p(-7) is divided by v(5).
26
Suppose -5*j - 17 = -157. Let m = 238 + -158. Suppose 5*a - 9*f = -4*f + m, 3*f = -4*a + 29. Calculate the remainder when j is divided by a.
6
Suppose 0*m + 6 = 3*m. Suppose -12 = -2*y - m*w, -2*y = w + 2*w - 16. Suppose -5*v + 717 = -y*v. Calculate the remainder when v is divided by 22.
19
Suppose 0 = -4*k - 4*c + 192, 146 = 3*k - 15*c + 17*c. Calculate the remainder when 136 is divided by k.
36
Suppose -5*v = -24*r + 28*r - 392, -2*r + 76 = v. What is the remainder when 241 is divided by v?
1
Let k(i) = -42*i - 145. Let a be k(-12). Suppose 8*d + 231 - a = 0. Calculate the remainder when 77 is divided by d.
13
Suppose p - 593 - 1003 = 0. Suppose -5*c - 7*c + p = 0. What is the remainder when c is divided by 17?
14
Suppose -38 = -4*u - 2*m, 0*m - 2*m - 26 = -4*u. Suppose -23 = u*n + 73. Let c(d) = -d**2 - 13*d + 2. What is the remainder when 26 is divided by c(n)?
12
Suppose 6713 = 9*t + 31*t + 9*t. Calculate the remainder when t is divided by 70.
67
Let n = 359 - 359. Suppose 3*p + 5*i - 104 = n, -p + 6*p + 4*i = 156. Calculate the remainder when 37 is divided by p.
9
Let r be 352/12*(-3)/4*7. Let g = -71 - r. Calculate the remainder when g is divided by (-213)/(-15) - (-6)/(-30).
13
Suppose 11*t + 4275 = 63*t + 23*t. Calculate the remainder when 12139 is divided by t.
55
Let v = -624 + 627. Suppose 7*s - 658 = -0*s. What is the remainder when s is divided by v?
1
Let z = 127 + -124. Let r(g) = 8*g - 5. What is the remainder when r(z) is divided by 10?
9
Let t = -78 - -82. Suppose t*p - 52 = -0*p. Suppose -85 = -3*o - 5*m, -o - 2*m = -5*m - 47. Calculate the remainder when o is divided by p.
9
Suppose 25*s - 93 = 24*s - 5*d, -2*d - 79 = -s. Calculate the remainder when 1821 is divided by s.
78
Let x(k) = 15*k**3 - 5*k**2 + 2*k - 9. What is the remainder when 360 is divided by x(2)?
75
Let q(l) = 2*l - 23. Let w be q(10). Calculate the remainder when 256 is divided by w/2 - (-1386)/36.
34
Let d = 11282 - 8403. Calculate the remainder when d is divided by 121.
96
Suppose -v = v - 46. Suppose 6 + 0 = n. What is the remainder when v is divided by n*-3*8/(-18)?
7
Let r = 59 - 54. Suppose 43 + 6 = 4*p + n, 4*n - 53 = -r*p. Suppose 5*j - 166 = -51. Calculate the remainder when j is divided by p.
10
Suppose -112*z = -98*z - 854. Let t(f) = f**3 + 11*f**2 - 4*f - 13. What is the remainder when z is divided by t(-11)?
30
Suppose 4*m - 3*j = 475, -j + 7 = 4*m - 448. Calculate the remainder when m is divided by 24.
19
Suppose 2*j + 32 = 2*t, 3*j = -3*t + 4*j + 50. Suppose -122*q = -80*q - 1218. Calculate the remainder when q is divided by t.
12
Let w(p) = 38*p - 434. Let h(x) = -6*x + 72. Let c(t) = -34*h(t) - 6*w(t). What is the remainder when 83 is divided by c(6)?
11
Suppose -10 + 955 = -7*v. Let b = 371 + v. What is the remainder when b is divided by 34?
32
Let o(l) = 13*l + 471. What is the remainder when 330 is divided by o(-36)?
0
Suppose 165 = -10*v - 85. Calculate the remainder when 45 is divided by -5 - (v + -7 + -4).
14
Let g(k) = 5*k - 6. Let t(u) = 3*u + 47. Let w be t(-9). What is the remainder when g(w) is divided by 12?
10
Suppose 13 = 2*w - 7. Let z(y) = -2*y**2 + 24*y - 237. Let k be z(12). Let b = k - -255. What is the remainder when b is divided by w?
8
Suppose 0 = 5*c + 86 - 1501. Suppose k - i - 18 = 0, 3*k = -51*i + 47*i + 96. What is the remainder when c is divided by k?
19
Suppose -s = 2190 - 2253. Suppose 4*z + z - 9 = -i, 0 = 5*i + 4*z - 24. Let x(l) = l**2 - 2*l + 6. Calculate the remainder when s is divided by x(i).
7
Suppose 5*g = -5*k + 5, k = 6*k - g - 17. Suppose 5*m - 5*x - 35 = 180, -m = -k*x - 35. What is the remainder when m is divided by 19?
9
Suppose 7*g + 49 = 4*d + 6*g, 4*d - 43 = -5*g. Suppose 3*t + 3*i = -3, 3*i = -t + i. What is the remainder when (34 + 0)*-1*t is divided by d?
8
Suppose 5*a - 8740 = 2*d, 5*a + 70*d - 75*d - 8725 = 0. Calculate the remainder when a is divided by 9.
4
Let m = 174 + -168. Suppose m = 6*z - 186. What is the remainder when z is divided by 7?
4
Let t(s) = s - 8. Let d be t(7). Let p(z) = -9*z - 1. Let a(i) = 860*i + 52473. What is the remainder when a(-61) is divided by p(d)?
5
Let a = -25 - -579. Suppose 4*u = 3*d - 1787, -3*d + a = -3*u - 1234. What is the remainder when d is divided by 6?
3
Let h = 2225 + -2185. Let w(y) = y**3 - 22*y**2 - y + 33. What is the remainder when h is divided by w(22)?
7
Suppose 19*w + 33*w = 260. Suppose -4*v - 130 = -2*h, 3 = -v + w. What is the remainder when 266 is divided by h?
59
Suppose 48*q - 42*q = 12. Suppose 86 + 8 = q*g. Let y = 5 + g. Calculate the remainder when y is divided by 18.
16
Suppose -25*s - 16 = -27*s. Let i be -2*(-7)/s - 56/(-224). What is the remainder when (-4 + i)*(-138)/4 - 2 is divided by 14?
11
Suppose 8*n - 87 = -47. Let i = 70 + 8. Calculate the remainder when i is divided by n.
3
Let b(o) = -7*o - 9. Let c be (-2 - 4/(-6))*3. Suppose 3*p + 31 = 5*u, -3*p - 11 = 80*u - 81*u. Calculate the remainder when b(c) is divided by u.
4
Let y = 431 + -293. Suppose 3*j + 15 = -y. Let a = 62 - j. What is the remainder when a is divided by 23?
21
Suppose 0 = -4*w + 4, -587 = -o + w - 6*w. Calculate the remainder when o is divided by 9.
6
Suppose -9*o + 13*o + 604 = 2272. What is the remainder when o is divided by 240?
177
Suppose 4*w - 1223 = -3*c, c - 280 - 106 = 3*w. Calculate the remainder when 404 is divided by c.
3
Let c(a) = -28*a**3 - 2*a**2 - 8*a + 5. Calculate the remainder when c(-4) is divided by 7.
5
Let d(f) = -3*f**3 + 18*f**2 - 4*f - 14. Let z be d(7). Let b = z + 212. Suppose -1824 = -6*j - 588. What is the remainder when j is divided by b?
22
Let k = -191 + 644. Calculate the remainder when k is divided by 57.
54
Let f(x) = -3*x**3 + 15*x**2 + 4*x - 17. Calculate the remainder when 556 is divided by f(4).
39
Suppose 16 = 4*f - 4*x, -4*f + 4*x - 2*x + 24 = 0. What is the remainder when 80 is divided by (f 